) = -22*h + 11. Let x(w) = 22*w - 3 - 29*w + 12*w. Let p(c) = -2*q(c) - 9*x(c). What is p(-5)?
10
Let k(v) be the third derivative of 5*v**4/24 - 2*v**3/3 + 3*v**2 - 218*v. Give k(5).
21
Suppose -v - 8 = 3*v - 2*i, -3*v + 5*i = 20. Let z(s) = -6 + v*s + 3 + s + s**2 + 3*s. What is z(-4)?
-3
Let f(v) = 40 - 8*v + 9*v - 43. Let m(x) = -x**2 + 4*x + 9. Suppose 1 - 16 = -3*q. Let t be m(q). Calculate f(t).
1
Let r(s) = -2 + 146*s**2 + 2*s - 73*s**2 + 7*s + 2*s - 74*s**2. Calculate r(8).
22
Let a = -572 - -579. Let b(t) = 5*t - 9 - 3*t + t. Give b(a).
12
Let l(z) = z**3 - 5*z**2 - 9*z + 15. Suppose 3*n + 59*c = 58*c + 22, 4*n + 2*c = 32. Determine l(n).
-3
Let f be 0 + (-1566)/(-189) + 2/(-7) + -18. Let c(d) = d**3 + 11*d**2 + 12*d + 16. Determine c(f).
-4
Let b = 10881 - 10883. Let x(y) = -7*y + 9. Determine x(b).
23
Let q(w) = w**3 + w**2 + 3*w + 1. Let n = -6001 - -5998. What is q(n)?
-26
Let p(d) = -d**2 + 8*d + 7. Let z(u) = -u**3 - 6*u**2 + 6*u - 13. Let l be z(-7). Let o(c) = -c**2 + 8*c + 7. Let s(j) = l*p(j) + 5*o(j). Give s(9).
2
Suppose 532*o + 4*v + 104 = 536*o, o - 5 = 4*v. Let t(b) = 33*b - 1083. What is t(o)?
6
Let z(d) = -d + 4 - 3 - 24 - 1. Give z(-6).
-18
Suppose 4*c + 2*n = 3*n + 398, -4*n = 8. Let p(d) = -49 + c + d**2 - 6*d**3 - d - d**3 - 49. Determine p(1).
-6
Let t(f) = f**3. Let r(y) = 2*y**3 - 3*y - 2. Let l(g) = r(g) + t(g). Let u(p) = -1319*p - 1321. Let d be u(-1). Calculate l(d).
-20
Let g = 130 - 57. Let w(m) = g + m - 149 + 75 + m**2. Let v(r) = r**3 - 31*r**2 + 57*r + 26. Let b be v(29). What is w(b)?
5
Let j(w) = 0*w + 4*w + 4 - 4*w - w + 2*w. Suppose -10 = -5*v + 3*t, 3*v - 6 = -0*v - 5*t. Let r(z) = -4*z - 13. Let o(s) = v*r(s) + 7*j(s). Determine o(-8).
10
Let f = 49 + -182. Let x = f + 144. Let c(s) = -s - 2 + 4 - 1 + 7. Calculate c(x).
-3
Let h = -113 - -67. Let a be (-108)/(-14) - h/161. Let k(w) = w**3 - 8*w**2 + w - 9. Determine k(a).
-1
Let y(i) = i**3 - 2*i + 4. Let p(l) = l**2 - 30*l + 56. Let j be p(2). What is y(j)?
4
Let b(w) = 2*w + 12704 - 6351 - 6348. Give b(0).
5
Let b(h) be the third derivative of -h**4/12 - h**3/2 - 266*h**2. Let x = -26 + 29. Give b(x).
-9
Let b = -27067 - -27067. Let y(u) = -u**3 - 2. Calculate y(b).
-2
Suppose -v + 43 = 2*z - 5*z, -46 = 3*z - 4*v. Let b(r) = -17*r - 12*r + 46*r + 0 + 5 - 16*r. Calculate b(z).
-9
Let l(s) be the first derivative of s**3/3 + 7*s**2/2 + 2*s - 5. Suppose 2*o + 4*p = 6*p + 20, -15 = -2*o - 3*p. Let c be (-22)/(-33)*o*-1. What is l(c)?
-4
Let y(l) = l**3 + 6*l**2 + 3*l - 5. Let b be y(-5). Let j(a) be the second derivative of -a**5/20 + a**4/2 - a**3/6 + 5*a**2/2 + 1044*a + 4. Calculate j(b).
25
Let o(j) = -8*j**2 + 12*j + 4. Let c(f) = -15*f**2 + 20*f + 7. Let m = 22 + -27. Let v(s) = m*o(s) + 3*c(s). Determine v(-1).
-4
Let m(n) = 0 - n**2 + 4*n + 3 + 2*n. Let k = 321 - 156. Suppose 195 - k = 5*y. Determine m(y).
3
Let n(r) = -13*r**3 - 18*r**2 - 22*r + 48. Let s(m) = -5*m**3 - 6*m**2 - 8*m + 15. Let j(w) = -3*n(w) + 8*s(w). Give j(6).
-12
Let g(u) = 3*u**3 - 2*u**3 + 7*u - 48470 + 8*u**2 + 48465. Let a = 10 - 17. Give g(a).
-5
Let h(l) = l**2 - 5*l - 6. Let s = -69 - -66. Let t be (s/2)/(54/36). Let f be (10/6 - t)*(6 - 3). Give h(f).
18
Let x(f) = f**3 - 24*f**2 + 20. Suppose -52 = 58*o - 1444. What is x(o)?
20
Let a(c) be the third derivative of c**7/720 + c**5/60 - 25*c**4/24 - 3*c**2 - 25. Let g(z) be the third derivative of a(z). Calculate g(1).
7
Let v(k) = 4*k**2 - 2*k. Let h(n) be the second derivative of -11*n**2 + 1/3*n**3 + 0 + 5*n. Let s be h(12). What is v(s)?
12
Let l be 6/(-4)*(15 + (-172)/12). Let r(c) = 6*c**3 - 2*c**2 + 2*c**2 - c**2 + 2. What is r(l)?
-5
Let f(v) be the first derivative of v**2/2 - 5*v + 9098. Give f(21).
16
Let k = 89 + -100. Let u(l) = l**2 + 9*l - 27. Let d be u(k). Let w(t) = 3*t + 3. What is w(d)?
-12
Let m(v) be the first derivative of v**5/60 + v**4/12 - 65*v**3/3 - 2*v + 117. Let i(u) be the third derivative of m(u). What is i(4)?
10
Let l(b) be the first derivative of -24 + 8*b - 1/2*b**2. Calculate l(9).
-1
Let u(d) = 2*d + 25. Let y be u(-6). Suppose 23 - y = 5*f. Let b(t) = -t**2 + 4*t - 4. Give b(f).
0
Let k(d) be the second derivative of -d**4/6 + 13*d**3/3 - 4*d**2 - 124*d. Calculate k(13).
-8
Let b(n) = n**3 - 6*n**2 - 4*n + 3. Let g(s) = 2*s**3 + 14*s**2 - 5*s - 29. Suppose -5*l = 13*m - 15*m - 19, -5*m = 4*l + 31. Let w be g(m). Give b(w).
-21
Let n(m) be the second derivative of m**5/20 + 3*m**4/4 - 11*m**3/6 - 4*m**2 + 3*m. Suppose 4*y = 3*g + 10, -7299 = y - 7294. What is n(g)?
2
Let l(r) = r**2 - r - 1. Suppose 4*b + 16 = 8*b. Suppose -4*s - 2*z + 22 = s, b*z = -3*s + 16. Suppose 5*a - 2 = 3*c + s*a, 0 = -5*c + a - 6. Calculate l(c).
5
Let y(b) be the first derivative of -b**4/4 - b**2/2 + 6*b - 1. Let s be (-2 + -10)*27/(-18). Let d be (-5 - (-147)/27) + (-8)/s. What is y(d)?
6
Let f = 140 + -151. Let n(j) = -j**3 - 11*j**2 - 3*j + 5. Let x(m) = -m**3 - 11*m**2 - 4*m + 4. Let d(z) = 5*n(z) - 4*x(z). Determine d(f).
-2
Let u(s) = 2*s**2 + 33*s + 69. Suppose 30*j = 29*j - 2*w - 22, -2*w + 48 = -4*j. Let d be u(j). Let l(t) = -6*t. Give l(d).
6
Let m = -12242 + 12244. Let l(k) = 2*k**2 - 23*k + 43. Give l(m).
5
Let g(c) = 14 + c + 6 - c**2 + 7 + 2*c**2 - 8. Calculate g(0).
19
Let n(b) = -2*b**2 - 7*b - 55. Let r(h) = -3*h**2 - 14*h - 105. Let f(c) = 7*n(c) - 4*r(c). What is f(-5)?
-50
Suppose 0 = 2*c - 0*c - 12. Let s be (-4)/(-12)*-2*-48. Let y(q) = -s*q + 12*q + 11*q + 10*q - 3. Determine y(c).
3
Let m(a) = -2*a - 89. Let j(k) = -k - 46. Let o(q) = 5*j(q) - 3*m(q). Give o(-17).
20
Let t(u) be the first derivative of u**6/120 + u**5/30 - u**4/6 - u**3/6 - 3*u**2/2 - 2*u - 8. Let j(z) be the second derivative of t(z). Determine j(-3).
2
Let h(m) = m**2 - m - 4. Let p = -24910 + 24914. Give h(p).
8
Let f(k) = -387*k**3 + 191*k**3 + 11 + 195*k**3 - 7*k**2. Let h be f(-7). Let y(c) = 2*c - 6. Determine y(h).
16
Let o(u) be the second derivative of u**4/12 - 19*u**3/6 - 15*u**2 - 35*u - 2. Give o(19).
-30
Suppose -280 = n + 3*n. Let p = -659 + 579. Let s = p - n. Let y(q) = q + 17. Give y(s).
7
Let i(z) be the second derivative of -z**5/20 + z**4/4 + 7*z**3/6 + 11*z**2/2 - 14*z. Suppose 4*x - 45 = -5*k, -37 = -4*x - 17. Give i(k).
-4
Let c(d) = -2*d - 3. Let f(o) = -8*o - 11. Let y(i) = 22*c(i) - 6*f(i). Let b = 6 - 1. Suppose -x - b*x = -12. Calculate y(x).
8
Suppose 8*p + 24*p = 0. Suppose p = -14*f + 13*f + 6. Let j(b) = 5*b**2 - 3*b - 6. Let a(t) = 9*t**2 - 7*t - 11. Let w(u) = 4*a(u) - 7*j(u). What is w(f)?
-8
Let r(k) = -444*k + 1761. Let z be r(4). Let j(h) = -2*h**3 - 32*h**2 - 32*h - 31. Determine j(z).
-1
Let a(t) = t**2 - 12*t + 33. Suppose 0 = 728*n - 664*n - 320. Calculate a(n).
-2
Let b = -167 - -161. Let d(m) = -m**2 - 7*m + 13. Give d(b).
19
Let h be ((-10)/(-4) + -2)*0. Let s(u) be the second derivative of 13*u - 1/20*u**5 - 1/6*u**3 + 0 + 7/2*u**2 - 1/12*u**4. What is s(h)?
7
Let j(v) = -16 + 3*v + 5*v + 2*v + 1551*v**2 - 1552*v**2 + 18*v. Determine j(27).
11
Let i(v) = -11*v - 629*v**2 - 84*v**3 + 83*v**3 + 1 - 607*v**2 + 1247*v**2. What is i(10)?
-9
Let y(k) = 4*k**2 - 3*k + 3. Let d(t) = 7*t**2 - 5*t + 6. Let r(z) = -z**2 + z - 1. Let n(i) = d(i) + 2*r(i). Let j(o) = 3*n(o) - 4*y(o). Calculate j(4).
-4
Suppose 6*v - v + 4*y = -42, -40 = 3*v - 5*y. Let l(b) = b**3 + 10*b**2 + b + 13. Let r be l(v). Let f(x) = 2*x**2 - r*x - 15 + 11 - 5*x. Calculate f(6).
20
Let d(o) = -o**3 + 14 - 33*o + 106*o**2 - 9*o**2 - 121*o**2 + 11*o. Give d(-23).
-9
Suppose 0*n = -n + 5*r + 35, n - 3 = -3*r. Let s be (n/(-20))/((-3)/(-24)). Let l(d) be the second derivative of d**3/6 - 3*d**2/2 - d. What is l(s)?
-9
Let k(p) = 28*p + 82. Let b = -21960 + 21958. Determine k(b).
26
Let b(k) = 106*k. Let a(n) = -142*n. Let g(f) = 3*a(f) + 4*b(f). Let l be 8 - (-2 + -4)/3. Suppose 3*p + l - 4 = 0. Calculate g(p).
4
Let s(d) be the second derivative of 4*d**3/3 + 11*d**2/2 - 25*d + 21. Give s(6).
59
Let c = -7 - -7. Let o = c - -1. Let a(k) = 390 - 128 - 124 - k**2 + 5*k**3 - 137. Determine a(o).
5
Let p be (((-8)/3)/4)/((-8)/(-1272)). Let g = 101 + p. Let f(l) = l**3 + 5*l**2 + 7*l + 2. Give f(g).
-33
Let k(j) = 6 + 0*j - 6*j - 12. Let s(v) = 5*v + 7. Let m(t) = -4*k(t) - 5*s(t). Determine m(-11).
0
